{"id":2058,"date":"2025-05-23T11:07:22","date_gmt":"2025-05-23T09:07:22","guid":{"rendered":"https:\/\/vinonista.com\/vinlada\/?post_type=product&#038;p=2058"},"modified":"2026-05-09T15:12:08","modified_gmt":"2026-05-09T13:12:08","slug":"rosso-di-montalcino","status":"publish","type":"product","link":"https:\/\/vinonista.com\/vinlada\/produkt\/rosso-di-montalcino\/","title":{"rendered":"Rosso di Montalcino 2022"},"content":{"rendered":"<h4>Vinet<\/h4>\n<p>Rosso di Montalcino 2022 av Giovanna Neri p\u00e5 Col di Lamo \u00e4r ett uttryck f\u00f6r elegans och autenticitet. En v\u00e4ldigt seri\u00f6s Rosso. Detta vin erbjuder en tillg\u00e4nglig och fr\u00e4sch tolkning av Sangiovese-druvan, samtidigt som det beh\u00e5ller den kvalitet och hantverksskicklighet som k\u00e4nnetecknar Col di Lamo\u00b4s Brunello.<\/p>\n<p>&nbsp;<\/p>\n<h4 class=\"product_title entry-title\"><span style=\"font-size: 16px;\">Druvorna<\/span><\/h4>\n<div>\n<div class=\"product-info__description__text\">\n<p>100% Sangiovese fr\u00e5n ving\u00e5rden Vigna Colombaio bel\u00e4gen p\u00e5 cirka 300 meters h\u00f6jd. Jordm\u00e5nen \u00e4r sand- och lerjordar. Odlingen \u00e4r certifierat ekologisk med naturliga metoder och endast anv\u00e4ndning av organiska g\u00f6dningsmedel.<\/p>\n<p>&nbsp;<\/p>\n<h4>Vinifiering<\/h4>\n<p>Druvorna avstj\u00e4lkas och j\u00e4ser med inhemska j\u00e4st stammar fr\u00e5n samma ving\u00e5rd. En l\u00e5ng skal kontakt med frekventa \u00f6ver pumpningar vid kontrollerad temperatur. Vinet \u00e4r ofiltrerat som alla Giovannas viner och det ger en h\u00e4rlig r\u00e5het kombinerat med mer komplexitet. Vinet mognar i 12 m\u00e5nader i stora slavonska ekfat f\u00f6ljt av minst 3 m\u00e5nader p\u00e5 flaska.<\/p>\n<p>&nbsp;<\/p>\n<h4>F\u00e4rg, doft och smak<\/h4>\n<p>F\u00e4rgen \u00e4r intensiv rubinr\u00f6d med violetta nyanser.\u00a0Doften domineras av f\u00e4rska r\u00f6da b\u00e4r som hallon och k\u00f6rsb\u00e4r, kompletterat med inslag av viol och subtila kryddor.\u00a0Smaken \u00e4r frisk och harmonisk med balanserade tanniner och en god struktur. Vinet \u00e4r medel fylligt och med en l\u00e5ng elegant avslutning i smaken.<\/p>\n<p>&nbsp;<\/p>\n<\/div>\n<h4>Mat matchning<\/h4>\n<p>Ett\u00a0m\u00e5ngsidigt vin som passar utm\u00e4rkt till, pasta med k\u00f6tt baserade s\u00e5ser, s\u00e5som klassisk bolognese. Grillade k\u00f6ttr\u00e4tter, \u00e4ven lamm. Medel lagrade\u00a0ostar och traditionella italienska charkuterier.<\/p>\n<div class=\"product-info__description__text\">\n<p>&nbsp;<\/p>\n<h4>Lagrings potential<\/h4>\n<p>Omkring 10-15 \u00e5r.<\/p>\n<\/div>\n<\/div>\n","protected":false},"excerpt":{"rendered":"<p>En v\u00e4ldigt seri\u00f6s Rosso av Col di Lamo!<\/p>\n","protected":false},"featured_media":2059,"comment_status":"open","ping_status":"closed","template":"","meta":{"_acf_changed":false},"product_brand":[108],"product_cat":[44],"product_tag":[109,110],"class_list":{"0":"post-2058","1":"product","2":"type-product","3":"status-publish","4":"has-post-thumbnail","6":"product_brand-col-di-lamo","7":"product_cat-vin","8":"product_tag-brunello","9":"product_tag-brunello-di-montalcino","11":"first","12":"instock","13":"taxable","14":"shipping-taxable","15":"purchasable","16":"product-type-simple"},"acf":[],"_links":{"self":[{"href":"https:\/\/vinonista.com\/vinlada\/wp-json\/wp\/v2\/product\/2058","targetHints":{"allow":["GET"]}}],"collection":[{"href":"https:\/\/vinonista.com\/vinlada\/wp-json\/wp\/v2\/product"}],"about":[{"href":"https:\/\/vinonista.com\/vinlada\/wp-json\/wp\/v2\/types\/product"}],"replies":[{"embeddable":true,"href":"https:\/\/vinonista.com\/vinlada\/wp-json\/wp\/v2\/comments?post=2058"}],"wp:featuredmedia":[{"embeddable":true,"href":"https:\/\/vinonista.com\/vinlada\/wp-json\/wp\/v2\/media\/2059"}],"wp:attachment":[{"href":"https:\/\/vinonista.com\/vinlada\/wp-json\/wp\/v2\/media?parent=2058"}],"wp:term":[{"taxonomy":"product_brand","embeddable":true,"href":"https:\/\/vinonista.com\/vinlada\/wp-json\/wp\/v2\/product_brand?post=2058"},{"taxonomy":"product_cat","embeddable":true,"href":"https:\/\/vinonista.com\/vinlada\/wp-json\/wp\/v2\/product_cat?post=2058"},{"taxonomy":"product_tag","embeddable":true,"href":"https:\/\/vinonista.com\/vinlada\/wp-json\/wp\/v2\/product_tag?post=2058"}],"curies":[{"name":"wp","href":"https:\/\/api.w.org\/{rel}","templated":true}]}}